{"id":128,"date":"2024-08-24T16:04:22","date_gmt":"2024-08-24T16:04:22","guid":{"rendered":"https:\/\/aefmup.pt\/?page_id=128"},"modified":"2024-08-24T16:05:48","modified_gmt":"2024-08-24T16:05:48","slug":"gabinete-de-informacao-juridica-do-estudante","status":"publish","type":"page","link":"https:\/\/aefmup.pt\/?page_id=128","title":{"rendered":"Gabinete de Informa\u00e7\u00e3o Jur\u00eddica do Estudante"},"content":{"rendered":"\t\t<div data-elementor-type=\"wp-page\" data-elementor-id=\"128\" class=\"elementor elementor-128\">\n\t\t\t\t<div class=\"elementor-element elementor-element-6cb0690 e-flex e-con-boxed wpr-particle-no wpr-jarallax-no wpr-parallax-no wpr-sticky-section-no e-con e-parent\" data-id=\"6cb0690\" data-element_type=\"container\">\n\t\t\t\t\t<div class=\"e-con-inner\">\n\t\t<div class=\"elementor-element elementor-element-1e49c7e e-con-full e-flex wpr-particle-no wpr-jarallax-no wpr-parallax-no wpr-sticky-section-no e-con e-child\" data-id=\"1e49c7e\" data-element_type=\"container\">\n\t\t\t\t<div class=\"elementor-element elementor-element-808568f elementor-widget elementor-widget-heading\" data-id=\"808568f\" data-element_type=\"widget\" data-widget_type=\"heading.default\">\n\t\t\t\t<div class=\"elementor-widget-container\">\n\t\t\t<h2 class=\"elementor-heading-title elementor-size-default\">Gabinete de Informa\u00e7\u00e3o Jur\u00eddica do Estudante<\/h2>\t\t<\/div>\n\t\t\t\t<\/div>\n\t\t\t\t<div class=\"elementor-element elementor-element-8c31129 elementor-widget elementor-widget-text-editor\" data-id=\"8c31129\" data-element_type=\"widget\" data-widget_type=\"text-editor.default\">\n\t\t\t\t<div class=\"elementor-widget-container\">\n\t\t\t\t\t\t\t<p>Nos termos da Lei de Bases do Financiamento do Ensino Superior e dos seus Estatutos, os SASUP t\u00eam por miss\u00e3o a execu\u00e7\u00e3o de pol\u00edticas de a\u00e7\u00e3o social escolar, atrav\u00e9s da presta\u00e7\u00e3o dos competentes apoios, benef\u00edcios e servi\u00e7os, contribuindo para favorecer o acesso ao ensino superior e para uma frequ\u00eancia bem-sucedida aos estudantes da Universidade do Porto, com discrimina\u00e7\u00e3o positiva dos estudantes economicamente carenciados com adequado aproveitamento escolar.\u200b<\/p><p>Ao longo da sua vida acad\u00e9mica, os estudantes s\u00e3o confrontados com variad\u00edssimas quest\u00f5es legais, no que concerne aos seus direitos e deveres, que em virtude de constrangimentos econ\u00f3micos carecem da necess\u00e1ria informa\u00e7\u00e3o jur\u00eddica.\u200b<\/p><p>Assim sendo, os SASUP, celebraram um Protocolo de Coopera\u00e7\u00e3o com a Associa\u00e7\u00e3o Estudantes da Faculdade de Direito da U.P e a Law Academy e criaram o Gabinete de Informa\u00e7\u00e3o Jur\u00eddica do Estudante (GIJE).\u200b<\/p><p>Este Gabinete permite aos estudantes da Universidade do Porto o acesso, de forma gratuita, \u00e0 presta\u00e7\u00e3o de informa\u00e7\u00e3o, para que estes possam ser acompanhados relativamente a necessidades que surjam durante o seu percurso universit\u00e1rio.\u200b<\/p><p>O GIJE funcionar\u00e1 \u00e0s\u00a0<strong>quartas feiras<\/strong>, no hor\u00e1rio compreendido entre as\u00a0<strong>14h00\u00a0e as 16h00<\/strong>, na\u00a0<strong>Rua dos Bragas n.\u00ba 151 4050-123, Porto<\/strong>.\u200b<\/p>\t\t\t\t\t\t<\/div>\n\t\t\t\t<\/div>\n\t\t\t\t<\/div>\n\t\t\t\t\t<\/div>\n\t\t\t\t<\/div>\n\t\t\t\t<\/div>\n\t\t","protected":false},"excerpt":{"rendered":"<p>Gabinete de Informa\u00e7\u00e3o Jur\u00eddica do Estudante Nos termos da Lei de Bases do Financiamento do Ensino Superior e dos seus Estatutos, os SASUP t\u00eam por miss\u00e3o a execu\u00e7\u00e3o de pol\u00edticas de a\u00e7\u00e3o social escolar, atrav\u00e9s da presta\u00e7\u00e3o dos competentes apoios, benef\u00edcios e servi\u00e7os, contribuindo para favorecer o acesso ao ensino superior e para uma frequ\u00eancia bem-sucedida aos estudantes da Universidade do Porto, com discrimina\u00e7\u00e3o positiva dos estudantes economicamente carenciados com adequado aproveitamento escolar.\u200b Ao longo da sua vida acad\u00e9mica, os estudantes s\u00e3o confrontados com variad\u00edssimas quest\u00f5es legais, no que concerne aos seus direitos e deveres, que em virtude de constrangimentos econ\u00f3micos carecem da necess\u00e1ria informa\u00e7\u00e3o jur\u00eddica.\u200b Assim sendo, os SASUP, celebraram um Protocolo de Coopera\u00e7\u00e3o com a Associa\u00e7\u00e3o Estudantes da Faculdade de Direito da U.P e a Law Academy e criaram o Gabinete de Informa\u00e7\u00e3o Jur\u00eddica do Estudante (GIJE).\u200b Este Gabinete permite aos estudantes da Universidade do Porto o acesso, de forma gratuita, \u00e0 presta\u00e7\u00e3o de informa\u00e7\u00e3o, para que estes possam ser acompanhados relativamente a necessidades que surjam durante o seu percurso universit\u00e1rio.\u200b O GIJE funcionar\u00e1 \u00e0s\u00a0quartas feiras, no hor\u00e1rio compreendido entre as\u00a014h00\u00a0e as 16h00, na\u00a0Rua dos Bragas n.\u00ba 151 4050-123, Porto.\u200b<\/p>\n","protected":false},"author":1,"featured_media":0,"parent":0,"menu_order":0,"comment_status":"closed","ping_status":"closed","template":"","meta":{"site-sidebar-layout":"no-sidebar","site-content-layout":"","ast-site-content-layout":"full-width-container","site-content-style":"default","site-sidebar-style":"default","ast-global-header-display":"","ast-banner-title-visibility":"","ast-main-header-display":"","ast-hfb-above-header-display":"","ast-hfb-below-header-display":"","ast-hfb-mobile-header-display":"","site-post-title":"disabled","ast-breadcrumbs-content":"","ast-featured-img":"disabled","footer-sml-layout":"","theme-transparent-header-meta":"","adv-header-id-meta":"","stick-header-meta":"","header-above-stick-meta":"","header-main-stick-meta":"","header-below-stick-meta":"","astra-migrate-meta-layouts":"default","ast-page-background-enabled":"default","ast-page-background-meta":{"desktop":{"background-color":"var(--ast-global-color-4)","background-image":"","background-repeat":"repeat","background-position":"center center","background-size":"auto","background-attachment":"scroll","background-type":"","background-media":"","overlay-type":"","overlay-color":"","overlay-opacity":"","overlay-gradient":""},"tablet":{"background-color":"","background-image":"","background-repeat":"repeat","background-position":"center center","background-size":"auto","background-attachment":"scroll","background-type":"","background-media":"","overlay-type":"","overlay-color":"","overlay-opacity":"","overlay-gradient":""},"mobile":{"background-color":"","background-image":"","background-repeat":"repeat","background-position":"center center","background-size":"auto","background-attachment":"scroll","background-type":"","background-media":"","overlay-type":"","overlay-color":"","overlay-opacity":"","overlay-gradient":""}},"ast-content-background-meta":{"desktop":{"background-color":"var(--ast-global-color-5)","background-image":"","background-repeat":"repeat","background-position":"center center","background-size":"auto","background-attachment":"scroll","background-type":"","background-media":"","overlay-type":"","overlay-color":"","overlay-opacity":"","overlay-gradient":""},"tablet":{"background-color":"var(--ast-global-color-5)","background-image":"","background-repeat":"repeat","background-position":"center center","background-size":"auto","background-attachment":"scroll","background-type":"","background-media":"","overlay-type":"","overlay-color":"","overlay-opacity":"","overlay-gradient":""},"mobile":{"background-color":"var(--ast-global-color-5)","background-image":"","background-repeat":"repeat","background-position":"center center","background-size":"auto","background-attachment":"scroll","background-type":"","background-media":"","overlay-type":"","overlay-color":"","overlay-opacity":"","overlay-gradient":""}},"footnotes":""},"class_list":["post-128","page","type-page","status-publish","hentry"],"yoast_head":"<!-- This site is optimized with the Yoast SEO plugin v23.9 - https:\/\/yoast.com\/wordpress\/plugins\/seo\/ -->\n<title>Gabinete de Informa\u00e7\u00e3o Jur\u00eddica do Estudante - AEFMUP<\/title>\n<meta name=\"robots\" content=\"index, follow, max-snippet:-1, max-image-preview:large, max-video-preview:-1\" \/>\n<link rel=\"canonical\" href=\"https:\/\/aefmup.pt\/?page_id=128\" \/>\n<meta property=\"og:locale\" content=\"pt_PT\" \/>\n<meta property=\"og:type\" content=\"article\" \/>\n<meta property=\"og:title\" content=\"Gabinete de Informa\u00e7\u00e3o Jur\u00eddica do Estudante - AEFMUP\" \/>\n<meta property=\"og:description\" content=\"Gabinete de Informa\u00e7\u00e3o Jur\u00eddica do Estudante Nos termos da Lei de Bases do Financiamento do Ensino Superior e dos seus Estatutos, os SASUP t\u00eam por miss\u00e3o a execu\u00e7\u00e3o de pol\u00edticas de a\u00e7\u00e3o social escolar, atrav\u00e9s da presta\u00e7\u00e3o dos competentes apoios, benef\u00edcios e servi\u00e7os, contribuindo para favorecer o acesso ao ensino superior e para uma frequ\u00eancia bem-sucedida aos estudantes da Universidade do Porto, com discrimina\u00e7\u00e3o positiva dos estudantes economicamente carenciados com adequado aproveitamento escolar.\u200b Ao longo da sua vida acad\u00e9mica, os estudantes s\u00e3o confrontados com variad\u00edssimas quest\u00f5es legais, no que concerne aos seus direitos e deveres, que em virtude de constrangimentos econ\u00f3micos carecem da necess\u00e1ria informa\u00e7\u00e3o jur\u00eddica.\u200b Assim sendo, os SASUP, celebraram um Protocolo de Coopera\u00e7\u00e3o com a Associa\u00e7\u00e3o Estudantes da Faculdade de Direito da U.P e a Law Academy e criaram o Gabinete de Informa\u00e7\u00e3o Jur\u00eddica do Estudante (GIJE).\u200b Este Gabinete permite aos estudantes da Universidade do Porto o acesso, de forma gratuita, \u00e0 presta\u00e7\u00e3o de informa\u00e7\u00e3o, para que estes possam ser acompanhados relativamente a necessidades que surjam durante o seu percurso universit\u00e1rio.\u200b O GIJE funcionar\u00e1 \u00e0s\u00a0quartas feiras, no hor\u00e1rio compreendido entre as\u00a014h00\u00a0e as 16h00, na\u00a0Rua dos Bragas n.\u00ba 151 4050-123, Porto.\u200b\" \/>\n<meta property=\"og:url\" content=\"https:\/\/aefmup.pt\/?page_id=128\" \/>\n<meta property=\"og:site_name\" content=\"AEFMUP\" \/>\n<meta property=\"article:publisher\" content=\"https:\/\/www.facebook.com\/aefmup\/\" \/>\n<meta property=\"article:modified_time\" content=\"2024-08-24T16:05:48+00:00\" \/>\n<meta name=\"twitter:card\" content=\"summary_large_image\" \/>\n<meta name=\"twitter:label1\" content=\"Tempo estimado de leitura\" \/>\n\t<meta name=\"twitter:data1\" content=\"1 minuto\" \/>\n<script type=\"application\/ld+json\" class=\"yoast-schema-graph\">{\"@context\":\"https:\/\/schema.org\",\"@graph\":[{\"@type\":\"WebPage\",\"@id\":\"https:\/\/aefmup.pt\/?page_id=128\",\"url\":\"https:\/\/aefmup.pt\/?page_id=128\",\"name\":\"Gabinete de Informa\u00e7\u00e3o Jur\u00eddica do Estudante - AEFMUP\",\"isPartOf\":{\"@id\":\"https:\/\/aefmup.pt\/#website\"},\"datePublished\":\"2024-08-24T16:04:22+00:00\",\"dateModified\":\"2024-08-24T16:05:48+00:00\",\"breadcrumb\":{\"@id\":\"https:\/\/aefmup.pt\/?page_id=128#breadcrumb\"},\"inLanguage\":\"pt-PT\",\"potentialAction\":[{\"@type\":\"ReadAction\",\"target\":[\"https:\/\/aefmup.pt\/?page_id=128\"]}]},{\"@type\":\"BreadcrumbList\",\"@id\":\"https:\/\/aefmup.pt\/?page_id=128#breadcrumb\",\"itemListElement\":[{\"@type\":\"ListItem\",\"position\":1,\"name\":\"In\u00edcio\",\"item\":\"https:\/\/aefmup.pt\/\"},{\"@type\":\"ListItem\",\"position\":2,\"name\":\"Gabinete de Informa\u00e7\u00e3o Jur\u00eddica do Estudante\"}]},{\"@type\":\"WebSite\",\"@id\":\"https:\/\/aefmup.pt\/#website\",\"url\":\"https:\/\/aefmup.pt\/\",\"name\":\"AEFMUP\",\"description\":\"Associa\u00e7\u00e3o de Estudantes da Faculdade de Medicina da Universidade do Porto\",\"publisher\":{\"@id\":\"https:\/\/aefmup.pt\/#organization\"},\"potentialAction\":[{\"@type\":\"SearchAction\",\"target\":{\"@type\":\"EntryPoint\",\"urlTemplate\":\"https:\/\/aefmup.pt\/?s={search_term_string}\"},\"query-input\":{\"@type\":\"PropertyValueSpecification\",\"valueRequired\":true,\"valueName\":\"search_term_string\"}}],\"inLanguage\":\"pt-PT\"},{\"@type\":\"Organization\",\"@id\":\"https:\/\/aefmup.pt\/#organization\",\"name\":\"Associa\u00e7\u00e3o de Estudantes da Faculdade de Medicina da Universidade do Porto\",\"url\":\"https:\/\/aefmup.pt\/\",\"logo\":{\"@type\":\"ImageObject\",\"inLanguage\":\"pt-PT\",\"@id\":\"https:\/\/aefmup.pt\/#\/schema\/logo\/image\/\",\"url\":\"https:\/\/aefmup.pt\/wp-content\/uploads\/2024\/10\/AEFMUP_Coracao_Amarelo.png\",\"contentUrl\":\"https:\/\/aefmup.pt\/wp-content\/uploads\/2024\/10\/AEFMUP_Coracao_Amarelo.png\",\"width\":8000,\"height\":8000,\"caption\":\"Associa\u00e7\u00e3o de Estudantes da Faculdade de Medicina da Universidade do Porto\"},\"image\":{\"@id\":\"https:\/\/aefmup.pt\/#\/schema\/logo\/image\/\"},\"sameAs\":[\"https:\/\/www.facebook.com\/aefmup\/\",\"https:\/\/www.instagram.com\/aefmup\",\"https:\/\/www.linkedin.com\/company\/aefmup\/\"]}]}<\/script>\n<!-- \/ Yoast SEO plugin. -->","yoast_head_json":{"title":"Gabinete de Informa\u00e7\u00e3o Jur\u00eddica do Estudante - AEFMUP","robots":{"index":"index","follow":"follow","max-snippet":"max-snippet:-1","max-image-preview":"max-image-preview:large","max-video-preview":"max-video-preview:-1"},"canonical":"https:\/\/aefmup.pt\/?page_id=128","og_locale":"pt_PT","og_type":"article","og_title":"Gabinete de Informa\u00e7\u00e3o Jur\u00eddica do Estudante - AEFMUP","og_description":"Gabinete de Informa\u00e7\u00e3o Jur\u00eddica do Estudante Nos termos da Lei de Bases do Financiamento do Ensino Superior e dos seus Estatutos, os SASUP t\u00eam por miss\u00e3o a execu\u00e7\u00e3o de pol\u00edticas de a\u00e7\u00e3o social escolar, atrav\u00e9s da presta\u00e7\u00e3o dos competentes apoios, benef\u00edcios e servi\u00e7os, contribuindo para favorecer o acesso ao ensino superior e para uma frequ\u00eancia bem-sucedida aos estudantes da Universidade do Porto, com discrimina\u00e7\u00e3o positiva dos estudantes economicamente carenciados com adequado aproveitamento escolar.\u200b Ao longo da sua vida acad\u00e9mica, os estudantes s\u00e3o confrontados com variad\u00edssimas quest\u00f5es legais, no que concerne aos seus direitos e deveres, que em virtude de constrangimentos econ\u00f3micos carecem da necess\u00e1ria informa\u00e7\u00e3o jur\u00eddica.\u200b Assim sendo, os SASUP, celebraram um Protocolo de Coopera\u00e7\u00e3o com a Associa\u00e7\u00e3o Estudantes da Faculdade de Direito da U.P e a Law Academy e criaram o Gabinete de Informa\u00e7\u00e3o Jur\u00eddica do Estudante (GIJE).\u200b Este Gabinete permite aos estudantes da Universidade do Porto o acesso, de forma gratuita, \u00e0 presta\u00e7\u00e3o de informa\u00e7\u00e3o, para que estes possam ser acompanhados relativamente a necessidades que surjam durante o seu percurso universit\u00e1rio.\u200b O GIJE funcionar\u00e1 \u00e0s\u00a0quartas feiras, no hor\u00e1rio compreendido entre as\u00a014h00\u00a0e as 16h00, na\u00a0Rua dos Bragas n.\u00ba 151 4050-123, Porto.\u200b","og_url":"https:\/\/aefmup.pt\/?page_id=128","og_site_name":"AEFMUP","article_publisher":"https:\/\/www.facebook.com\/aefmup\/","article_modified_time":"2024-08-24T16:05:48+00:00","twitter_card":"summary_large_image","twitter_misc":{"Tempo estimado de leitura":"1 minuto"},"schema":{"@context":"https:\/\/schema.org","@graph":[{"@type":"WebPage","@id":"https:\/\/aefmup.pt\/?page_id=128","url":"https:\/\/aefmup.pt\/?page_id=128","name":"Gabinete de Informa\u00e7\u00e3o Jur\u00eddica do Estudante - AEFMUP","isPartOf":{"@id":"https:\/\/aefmup.pt\/#website"},"datePublished":"2024-08-24T16:04:22+00:00","dateModified":"2024-08-24T16:05:48+00:00","breadcrumb":{"@id":"https:\/\/aefmup.pt\/?page_id=128#breadcrumb"},"inLanguage":"pt-PT","potentialAction":[{"@type":"ReadAction","target":["https:\/\/aefmup.pt\/?page_id=128"]}]},{"@type":"BreadcrumbList","@id":"https:\/\/aefmup.pt\/?page_id=128#breadcrumb","itemListElement":[{"@type":"ListItem","position":1,"name":"In\u00edcio","item":"https:\/\/aefmup.pt\/"},{"@type":"ListItem","position":2,"name":"Gabinete de Informa\u00e7\u00e3o Jur\u00eddica do Estudante"}]},{"@type":"WebSite","@id":"https:\/\/aefmup.pt\/#website","url":"https:\/\/aefmup.pt\/","name":"AEFMUP","description":"Associa\u00e7\u00e3o de Estudantes da Faculdade de Medicina da Universidade do Porto","publisher":{"@id":"https:\/\/aefmup.pt\/#organization"},"potentialAction":[{"@type":"SearchAction","target":{"@type":"EntryPoint","urlTemplate":"https:\/\/aefmup.pt\/?s={search_term_string}"},"query-input":{"@type":"PropertyValueSpecification","valueRequired":true,"valueName":"search_term_string"}}],"inLanguage":"pt-PT"},{"@type":"Organization","@id":"https:\/\/aefmup.pt\/#organization","name":"Associa\u00e7\u00e3o de Estudantes da Faculdade de Medicina da Universidade do Porto","url":"https:\/\/aefmup.pt\/","logo":{"@type":"ImageObject","inLanguage":"pt-PT","@id":"https:\/\/aefmup.pt\/#\/schema\/logo\/image\/","url":"https:\/\/aefmup.pt\/wp-content\/uploads\/2024\/10\/AEFMUP_Coracao_Amarelo.png","contentUrl":"https:\/\/aefmup.pt\/wp-content\/uploads\/2024\/10\/AEFMUP_Coracao_Amarelo.png","width":8000,"height":8000,"caption":"Associa\u00e7\u00e3o de Estudantes da Faculdade de Medicina da Universidade do Porto"},"image":{"@id":"https:\/\/aefmup.pt\/#\/schema\/logo\/image\/"},"sameAs":["https:\/\/www.facebook.com\/aefmup\/","https:\/\/www.instagram.com\/aefmup","https:\/\/www.linkedin.com\/company\/aefmup\/"]}]}},"_links":{"self":[{"href":"https:\/\/aefmup.pt\/index.php?rest_route=\/wp\/v2\/pages\/128","targetHints":{"allow":["GET"]}}],"collection":[{"href":"https:\/\/aefmup.pt\/index.php?rest_route=\/wp\/v2\/pages"}],"about":[{"href":"https:\/\/aefmup.pt\/index.php?rest_route=\/wp\/v2\/types\/page"}],"author":[{"embeddable":true,"href":"https:\/\/aefmup.pt\/index.php?rest_route=\/wp\/v2\/users\/1"}],"replies":[{"embeddable":true,"href":"https:\/\/aefmup.pt\/index.php?rest_route=%2Fwp%2Fv2%2Fcomments&post=128"}],"version-history":[{"count":4,"href":"https:\/\/aefmup.pt\/index.php?rest_route=\/wp\/v2\/pages\/128\/revisions"}],"predecessor-version":[{"id":132,"href":"https:\/\/aefmup.pt\/index.php?rest_route=\/wp\/v2\/pages\/128\/revisions\/132"}],"wp:attachment":[{"href":"https:\/\/aefmup.pt\/index.php?rest_route=%2Fwp%2Fv2%2Fmedia&parent=128"}],"curies":[{"name":"wp","href":"https:\/\/api.w.org\/{rel}","templated":true}]}}