{"id":68,"date":"2024-08-18T17:16:37","date_gmt":"2024-08-18T17:16:37","guid":{"rendered":"https:\/\/aefmup.pt\/?page_id=68"},"modified":"2026-03-04T19:01:09","modified_gmt":"2026-03-04T19:01:09","slug":"contactos","status":"publish","type":"page","link":"https:\/\/aefmup.pt\/?page_id=68","title":{"rendered":"Contactos"},"content":{"rendered":"\t\t<div data-elementor-type=\"wp-page\" data-elementor-id=\"68\" class=\"elementor elementor-68\">\n\t\t\t\t<div class=\"elementor-element elementor-element-7e3474d e-flex e-con-boxed wpr-particle-no wpr-jarallax-no wpr-parallax-no wpr-sticky-section-no e-con e-parent\" data-id=\"7e3474d\" data-element_type=\"container\">\n\t\t\t\t\t<div class=\"e-con-inner\">\n\t\t<div class=\"elementor-element elementor-element-1d95071 e-con-full e-flex wpr-particle-no wpr-jarallax-no wpr-parallax-no wpr-sticky-section-no e-con e-child\" data-id=\"1d95071\" data-element_type=\"container\">\n\t\t\t\t<div class=\"elementor-element elementor-element-08bba8f elementor-widget elementor-widget-heading\" data-id=\"08bba8f\" data-element_type=\"widget\" data-widget_type=\"heading.default\">\n\t\t\t\t<div class=\"elementor-widget-container\">\n\t\t\t<h2 class=\"elementor-heading-title elementor-size-default\">Contactos<\/h2>\t\t<\/div>\n\t\t\t\t<\/div>\n\t\t\t\t<\/div>\n\t\t<div class=\"elementor-element elementor-element-2186653 e-con-full e-flex wpr-particle-no wpr-jarallax-no wpr-parallax-no wpr-sticky-section-no e-con e-child\" data-id=\"2186653\" data-element_type=\"container\">\n\t\t<div class=\"elementor-element elementor-element-686e76d e-con-full e-flex wpr-particle-no wpr-jarallax-no wpr-parallax-no wpr-sticky-section-no e-con e-child\" data-id=\"686e76d\" data-element_type=\"container\">\n\t\t\t\t<div class=\"elementor-element elementor-element-47c6dac elementor-widget elementor-widget-text-editor\" data-id=\"47c6dac\" data-element_type=\"widget\" data-widget_type=\"text-editor.default\">\n\t\t\t\t<div class=\"elementor-widget-container\">\n\t\t\t\t\t\t\t<div class=\"et_pb_row et_pb_row_1\">\n<div class=\"et_pb_column et_pb_column_1_2 et_pb_column_1 et_pb_css_mix_blend_mode_passthrough\">\n<div class=\"et_pb_module et_pb_text et_pb_text_1 et_pb_text_align_left et_pb_bg_layout_light\">\n<div class=\"et_pb_text_inner\">\n<p><strong>Telefone:<\/strong><br><a href=\"tel:00225074370\">225074370<\/a><\/p>\n<p><strong>Morada:<\/strong><br>Alameda Prof. Hern\u00e2ni Monteiro<br>Hospital de S. Jo\u00e3o, Piso 01,<br>4200-319 Porto<\/p>\n<p><strong>E-mail:<\/strong><br><a href=\"mailto:geral@aefmup.pt\">geral@aefmup.pt<\/a><\/p>\n<p><strong>Mesa da Assembleia Geral<\/strong><\/p>\n<p><a href=\"mailto:mesa.ag@aefmup.pt\">mesa.ag@aefmup.pt<\/a><\/p>\n<\/div>\n<\/div>\n<\/div>\n<\/div>\t\t\t\t\t\t<\/div>\n\t\t\t\t<\/div>\n\t\t\t\t<div class=\"elementor-element elementor-element-95bb827 elementor-widget elementor-widget-text-editor\" data-id=\"95bb827\" data-element_type=\"widget\" data-widget_type=\"text-editor.default\">\n\t\t\t\t<div class=\"elementor-widget-container\">\n\t\t\t\t\t\t\t<p><strong>\u00a0<\/strong><\/p><p><strong>\u00a0<\/strong><strong style=\"font-style: inherit; color: var( --e-global-color-text ); font-family: var( --e-global-typography-text-font-family ), Sans-serif; text-align: var(--text-align); background-color: var(--ast-global-color-5);\">Departamentos<\/strong><\/p><p>Pedagogia, Educa\u00e7\u00e3o M\u00e9dica e Inova\u00e7\u00e3o<\/p><p><a href=\"mailto:pedagogico@aefmup.pt\">pedagogico@aefmup.pt<\/a><\/p><p>Cultural e Recreativo<\/p><p><a href=\"mailto:cultural@aefmup.pt\">cultural@aefmup.pt<\/a><\/p><p>Desportivo<\/p><p><a href=\"mailto:desportivo@aefmup.pt\">desportivo@aefmup.pt<\/a><\/p><p>Revista<\/p><p><a href=\"mailto:zeroum@aefmup.pt\">zeroum@aefmup.pt<\/a><\/p><p>Loja editorial<\/p><p><a href=\"mailto:editorial@aefmup.pt\">editorial@aefmup.pt<\/a><\/p>\t\t\t\t\t\t<\/div>\n\t\t\t\t<\/div>\n\t\t\t\t<\/div>\n\t\t<div class=\"elementor-element elementor-element-f2e1adc e-con-full e-flex wpr-particle-no wpr-jarallax-no wpr-parallax-no wpr-sticky-section-no e-con e-child\" data-id=\"f2e1adc\" data-element_type=\"container\">\n\t\t\t\t<div class=\"elementor-element elementor-element-f16a5c4 elementor-widget elementor-widget-text-editor\" data-id=\"f16a5c4\" data-element_type=\"widget\" data-widget_type=\"text-editor.default\">\n\t\t\t\t<div class=\"elementor-widget-container\">\n\t\t\t\t\t\t\t<p><strong>&nbsp;<\/strong><\/p>\n<p><strong style=\"font-style: inherit; color: var( --e-global-color-text ); text-align: var(--text-align); background-color: var(--ast-global-color-5);\">N\u00facleo de Gest\u00e3o<\/strong><\/p>\n<p>Presidente \u2013 Martim Ma\u00e7\u00e3es<\/p>\n<p><a href=\"mailto:presidente@aefmup.pt\">presidente@aefmup.pt<\/a><\/p>\n<p>Tesoureiro \u2013 Bruno Magalh\u00e3es<\/p>\n<p><a href=\"mailto:tesouraria@aefmup.pt\">tesouraria@aefmup.pt<\/a><\/p>\n<p>Vice-Presid\u00eancia<\/p>\n<p><a href=\"mailto:vicepresidencia@aefmup.pt\">vicepresidencia@aefmup.pt<\/a>.<\/p>\n<p><strong>&nbsp;<\/strong><\/p>\n<p><strong>Conselho Fiscal<\/strong><\/p>\n<p><a href=\"mailto:conselhofiscal@aefmup.pt\">conselhofiscal@aefmup.pt<\/a><\/p>\n<p style=\"line-height: 150%;\">\n<\/p><p style=\"line-height: 150%;\">\n<\/p><p style=\"line-height: 150%;\">\n<\/p><p style=\"line-height: 150%;\">Investiga\u00e7\u00e3o, Forma\u00e7\u00e3o e Ci\u00eancia<\/p>\n<p style=\"line-height: 150%;\"><a href=\"mailto:formativo.cientifico@aefmup.pt\">formativo.cientifico@aefmup.pt<\/a><\/p>\n<p style=\"line-height: 150%;\"><span lang=\"EN-GB\">Marketing e Tecnologia<\/span><\/p>\n<p style=\"line-height: 150%;\"><a href=\"mailto:formativo.cientifico@aefmup.pt\"><span lang=\"EN-GB\">marketing@aefmup.pt<\/span><\/a><\/p>\n<p style=\"line-height: 150%;\">Mobilidade e Rela\u00e7\u00f5es Internacionais<\/p>\n<p style=\"line-height: 150%;\"><a href=\"mailto:international@aefmup.pt\">international@aefmup.pt<\/a><\/p>\n<p style=\"line-height: 150%;\">Voluntariado, Sa\u00fade P\u00fablica e A\u00e7\u00e3o Comunit\u00e1ria<\/p>\n<p style=\"line-height: 150%;\"><a href=\"mailto:acao.comunitaria@aefmup.pt\">acao.comunitaria@aefmup.pt<\/a><\/p>\n<p style=\"line-height: 150%;\">Parcerias<\/p>\n<p style=\"line-height: 150%;\"><a href=\"mailto:aefmup@aefmup.pt\">aefmup@aefmup.pt<\/a><\/p>\t\t\t\t\t\t<\/div>\n\t\t\t\t<\/div>\n\t\t\t\t<\/div>\n\t\t\t\t<\/div>\n\t\t\t\t\t<\/div>\n\t\t\t\t<\/div>\n\t\t\t\t<\/div>\n\t\t","protected":false},"excerpt":{"rendered":"<p>Contactos Telefone:225074370 Morada:Alameda Prof. Hern\u00e2ni MonteiroHospital de S. Jo\u00e3o, Piso 01,4200-319 Porto E-mail:geral@aefmup.pt Mesa da Assembleia Geral mesa.ag@aefmup.pt \u00a0 \u00a0Departamentos Pedagogia, Educa\u00e7\u00e3o M\u00e9dica e Inova\u00e7\u00e3o pedagogico@aefmup.pt Cultural e Recreativo cultural@aefmup.pt Desportivo desportivo@aefmup.pt Revista zeroum@aefmup.pt Loja editorial editorial@aefmup.pt &nbsp; N\u00facleo de Gest\u00e3o Presidente \u2013 Martim Ma\u00e7\u00e3es presidente@aefmup.pt Tesoureiro \u2013 Bruno Magalh\u00e3es tesouraria@aefmup.pt Vice-Presid\u00eancia vicepresidencia@aefmup.pt. &nbsp; Conselho Fiscal conselhofiscal@aefmup.pt Investiga\u00e7\u00e3o, Forma\u00e7\u00e3o e Ci\u00eancia formativo.cientifico@aefmup.pt Marketing e Tecnologia marketing@aefmup.pt Mobilidade e Rela\u00e7\u00f5es Internacionais international@aefmup.pt Voluntariado, Sa\u00fade P\u00fablica e A\u00e7\u00e3o Comunit\u00e1ria acao.comunitaria@aefmup.pt Parcerias aefmup@aefmup.pt<\/p>\n","protected":false},"author":1,"featured_media":0,"parent":0,"menu_order":0,"comment_status":"closed","ping_status":"closed","template":"","meta":{"site-sidebar-layout":"no-sidebar","site-content-layout":"","ast-site-content-layout":"full-width-container","site-content-style":"default","site-sidebar-style":"default","ast-global-header-display":"","ast-banner-title-visibility":"","ast-main-header-display":"","ast-hfb-above-header-display":"","ast-hfb-below-header-display":"","ast-hfb-mobile-header-display":"","site-post-title":"disabled","ast-breadcrumbs-content":"","ast-featured-img":"disabled","footer-sml-layout":"","theme-transparent-header-meta":"","adv-header-id-meta":"","stick-header-meta":"","header-above-stick-meta":"","header-main-stick-meta":"","header-below-stick-meta":"","astra-migrate-meta-layouts":"default","ast-page-background-enabled":"default","ast-page-background-meta":{"desktop":{"background-color":"var(--ast-global-color-4)","background-image":"","background-repeat":"repeat","background-position":"center center","background-size":"auto","background-attachment":"scroll","background-type":"","background-media":"","overlay-type":"","overlay-color":"","overlay-opacity":"","overlay-gradient":""},"tablet":{"background-color":"","background-image":"","background-repeat":"repeat","background-position":"center center","background-size":"auto","background-attachment":"scroll","background-type":"","background-media":"","overlay-type":"","overlay-color":"","overlay-opacity":"","overlay-gradient":""},"mobile":{"background-color":"","background-image":"","background-repeat":"repeat","background-position":"center center","background-size":"auto","background-attachment":"scroll","background-type":"","background-media":"","overlay-type":"","overlay-color":"","overlay-opacity":"","overlay-gradient":""}},"ast-content-background-meta":{"desktop":{"background-color":"var(--ast-global-color-5)","background-image":"","background-repeat":"repeat","background-position":"center center","background-size":"auto","background-attachment":"scroll","background-type":"","background-media":"","overlay-type":"","overlay-color":"","overlay-opacity":"","overlay-gradient":""},"tablet":{"background-color":"var(--ast-global-color-5)","background-image":"","background-repeat":"repeat","background-position":"center center","background-size":"auto","background-attachment":"scroll","background-type":"","background-media":"","overlay-type":"","overlay-color":"","overlay-opacity":"","overlay-gradient":""},"mobile":{"background-color":"var(--ast-global-color-5)","background-image":"","background-repeat":"repeat","background-position":"center center","background-size":"auto","background-attachment":"scroll","background-type":"","background-media":"","overlay-type":"","overlay-color":"","overlay-opacity":"","overlay-gradient":""}},"footnotes":""},"class_list":["post-68","page","type-page","status-publish","hentry"],"yoast_head":"<!-- This site is optimized with the Yoast SEO plugin v23.9 - https:\/\/yoast.com\/wordpress\/plugins\/seo\/ -->\n<title>Contactos - AEFMUP<\/title>\n<meta name=\"robots\" content=\"index, follow, max-snippet:-1, max-image-preview:large, max-video-preview:-1\" \/>\n<link rel=\"canonical\" href=\"https:\/\/aefmup.pt\/?page_id=68\" \/>\n<meta property=\"og:locale\" content=\"pt_PT\" \/>\n<meta property=\"og:type\" content=\"article\" \/>\n<meta property=\"og:title\" content=\"Contactos - AEFMUP\" \/>\n<meta property=\"og:description\" content=\"Contactos Telefone:225074370 Morada:Alameda Prof. Hern\u00e2ni MonteiroHospital de S. Jo\u00e3o, Piso 01,4200-319 Porto E-mail:geral@aefmup.pt Mesa da Assembleia Geral mesa.ag@aefmup.pt \u00a0 \u00a0Departamentos Pedagogia, Educa\u00e7\u00e3o M\u00e9dica e Inova\u00e7\u00e3o pedagogico@aefmup.pt Cultural e Recreativo cultural@aefmup.pt Desportivo desportivo@aefmup.pt Revista zeroum@aefmup.pt Loja editorial editorial@aefmup.pt &nbsp; N\u00facleo de Gest\u00e3o Presidente \u2013 Martim Ma\u00e7\u00e3es presidente@aefmup.pt Tesoureiro \u2013 Bruno Magalh\u00e3es tesouraria@aefmup.pt Vice-Presid\u00eancia vicepresidencia@aefmup.pt. &nbsp; Conselho Fiscal conselhofiscal@aefmup.pt Investiga\u00e7\u00e3o, Forma\u00e7\u00e3o e Ci\u00eancia formativo.cientifico@aefmup.pt Marketing e Tecnologia marketing@aefmup.pt Mobilidade e Rela\u00e7\u00f5es Internacionais international@aefmup.pt Voluntariado, Sa\u00fade P\u00fablica e A\u00e7\u00e3o Comunit\u00e1ria acao.comunitaria@aefmup.pt Parcerias aefmup@aefmup.pt\" \/>\n<meta property=\"og:url\" content=\"https:\/\/aefmup.pt\/?page_id=68\" \/>\n<meta property=\"og:site_name\" content=\"AEFMUP\" \/>\n<meta property=\"article:publisher\" content=\"https:\/\/www.facebook.com\/aefmup\/\" \/>\n<meta property=\"article:modified_time\" content=\"2026-03-04T19:01:09+00:00\" \/>\n<meta name=\"twitter:card\" content=\"summary_large_image\" \/>\n<meta name=\"twitter:label1\" content=\"Tempo estimado de leitura\" \/>\n\t<meta name=\"twitter:data1\" content=\"1 minuto\" \/>\n<script type=\"application\/ld+json\" class=\"yoast-schema-graph\">{\"@context\":\"https:\/\/schema.org\",\"@graph\":[{\"@type\":\"WebPage\",\"@id\":\"https:\/\/aefmup.pt\/?page_id=68\",\"url\":\"https:\/\/aefmup.pt\/?page_id=68\",\"name\":\"Contactos - AEFMUP\",\"isPartOf\":{\"@id\":\"https:\/\/aefmup.pt\/#website\"},\"datePublished\":\"2024-08-18T17:16:37+00:00\",\"dateModified\":\"2026-03-04T19:01:09+00:00\",\"breadcrumb\":{\"@id\":\"https:\/\/aefmup.pt\/?page_id=68#breadcrumb\"},\"inLanguage\":\"pt-PT\",\"potentialAction\":[{\"@type\":\"ReadAction\",\"target\":[\"https:\/\/aefmup.pt\/?page_id=68\"]}]},{\"@type\":\"BreadcrumbList\",\"@id\":\"https:\/\/aefmup.pt\/?page_id=68#breadcrumb\",\"itemListElement\":[{\"@type\":\"ListItem\",\"position\":1,\"name\":\"In\u00edcio\",\"item\":\"https:\/\/aefmup.pt\/\"},{\"@type\":\"ListItem\",\"position\":2,\"name\":\"Contactos\"}]},{\"@type\":\"WebSite\",\"@id\":\"https:\/\/aefmup.pt\/#website\",\"url\":\"https:\/\/aefmup.pt\/\",\"name\":\"AEFMUP\",\"description\":\"Associa\u00e7\u00e3o de Estudantes da Faculdade de Medicina da Universidade do Porto\",\"publisher\":{\"@id\":\"https:\/\/aefmup.pt\/#organization\"},\"potentialAction\":[{\"@type\":\"SearchAction\",\"target\":{\"@type\":\"EntryPoint\",\"urlTemplate\":\"https:\/\/aefmup.pt\/?s={search_term_string}\"},\"query-input\":{\"@type\":\"PropertyValueSpecification\",\"valueRequired\":true,\"valueName\":\"search_term_string\"}}],\"inLanguage\":\"pt-PT\"},{\"@type\":\"Organization\",\"@id\":\"https:\/\/aefmup.pt\/#organization\",\"name\":\"Associa\u00e7\u00e3o de Estudantes da Faculdade de Medicina da Universidade do Porto\",\"url\":\"https:\/\/aefmup.pt\/\",\"logo\":{\"@type\":\"ImageObject\",\"inLanguage\":\"pt-PT\",\"@id\":\"https:\/\/aefmup.pt\/#\/schema\/logo\/image\/\",\"url\":\"https:\/\/aefmup.pt\/wp-content\/uploads\/2024\/10\/AEFMUP_Coracao_Amarelo.png\",\"contentUrl\":\"https:\/\/aefmup.pt\/wp-content\/uploads\/2024\/10\/AEFMUP_Coracao_Amarelo.png\",\"width\":8000,\"height\":8000,\"caption\":\"Associa\u00e7\u00e3o de Estudantes da Faculdade de Medicina da Universidade do Porto\"},\"image\":{\"@id\":\"https:\/\/aefmup.pt\/#\/schema\/logo\/image\/\"},\"sameAs\":[\"https:\/\/www.facebook.com\/aefmup\/\",\"https:\/\/www.instagram.com\/aefmup\",\"https:\/\/www.linkedin.com\/company\/aefmup\/\"]}]}<\/script>\n<!-- \/ Yoast SEO plugin. -->","yoast_head_json":{"title":"Contactos - AEFMUP","robots":{"index":"index","follow":"follow","max-snippet":"max-snippet:-1","max-image-preview":"max-image-preview:large","max-video-preview":"max-video-preview:-1"},"canonical":"https:\/\/aefmup.pt\/?page_id=68","og_locale":"pt_PT","og_type":"article","og_title":"Contactos - AEFMUP","og_description":"Contactos Telefone:225074370 Morada:Alameda Prof. Hern\u00e2ni MonteiroHospital de S. Jo\u00e3o, Piso 01,4200-319 Porto E-mail:geral@aefmup.pt Mesa da Assembleia Geral mesa.ag@aefmup.pt \u00a0 \u00a0Departamentos Pedagogia, Educa\u00e7\u00e3o M\u00e9dica e Inova\u00e7\u00e3o pedagogico@aefmup.pt Cultural e Recreativo cultural@aefmup.pt Desportivo desportivo@aefmup.pt Revista zeroum@aefmup.pt Loja editorial editorial@aefmup.pt &nbsp; N\u00facleo de Gest\u00e3o Presidente \u2013 Martim Ma\u00e7\u00e3es presidente@aefmup.pt Tesoureiro \u2013 Bruno Magalh\u00e3es tesouraria@aefmup.pt Vice-Presid\u00eancia vicepresidencia@aefmup.pt. &nbsp; Conselho Fiscal conselhofiscal@aefmup.pt Investiga\u00e7\u00e3o, Forma\u00e7\u00e3o e Ci\u00eancia formativo.cientifico@aefmup.pt Marketing e Tecnologia marketing@aefmup.pt Mobilidade e Rela\u00e7\u00f5es Internacionais international@aefmup.pt Voluntariado, Sa\u00fade P\u00fablica e A\u00e7\u00e3o Comunit\u00e1ria acao.comunitaria@aefmup.pt Parcerias aefmup@aefmup.pt","og_url":"https:\/\/aefmup.pt\/?page_id=68","og_site_name":"AEFMUP","article_publisher":"https:\/\/www.facebook.com\/aefmup\/","article_modified_time":"2026-03-04T19:01:09+00:00","twitter_card":"summary_large_image","twitter_misc":{"Tempo estimado de leitura":"1 minuto"},"schema":{"@context":"https:\/\/schema.org","@graph":[{"@type":"WebPage","@id":"https:\/\/aefmup.pt\/?page_id=68","url":"https:\/\/aefmup.pt\/?page_id=68","name":"Contactos - AEFMUP","isPartOf":{"@id":"https:\/\/aefmup.pt\/#website"},"datePublished":"2024-08-18T17:16:37+00:00","dateModified":"2026-03-04T19:01:09+00:00","breadcrumb":{"@id":"https:\/\/aefmup.pt\/?page_id=68#breadcrumb"},"inLanguage":"pt-PT","potentialAction":[{"@type":"ReadAction","target":["https:\/\/aefmup.pt\/?page_id=68"]}]},{"@type":"BreadcrumbList","@id":"https:\/\/aefmup.pt\/?page_id=68#breadcrumb","itemListElement":[{"@type":"ListItem","position":1,"name":"In\u00edcio","item":"https:\/\/aefmup.pt\/"},{"@type":"ListItem","position":2,"name":"Contactos"}]},{"@type":"WebSite","@id":"https:\/\/aefmup.pt\/#website","url":"https:\/\/aefmup.pt\/","name":"AEFMUP","description":"Associa\u00e7\u00e3o de Estudantes da Faculdade de Medicina da Universidade do Porto","publisher":{"@id":"https:\/\/aefmup.pt\/#organization"},"potentialAction":[{"@type":"SearchAction","target":{"@type":"EntryPoint","urlTemplate":"https:\/\/aefmup.pt\/?s={search_term_string}"},"query-input":{"@type":"PropertyValueSpecification","valueRequired":true,"valueName":"search_term_string"}}],"inLanguage":"pt-PT"},{"@type":"Organization","@id":"https:\/\/aefmup.pt\/#organization","name":"Associa\u00e7\u00e3o de Estudantes da Faculdade de Medicina da Universidade do Porto","url":"https:\/\/aefmup.pt\/","logo":{"@type":"ImageObject","inLanguage":"pt-PT","@id":"https:\/\/aefmup.pt\/#\/schema\/logo\/image\/","url":"https:\/\/aefmup.pt\/wp-content\/uploads\/2024\/10\/AEFMUP_Coracao_Amarelo.png","contentUrl":"https:\/\/aefmup.pt\/wp-content\/uploads\/2024\/10\/AEFMUP_Coracao_Amarelo.png","width":8000,"height":8000,"caption":"Associa\u00e7\u00e3o de Estudantes da Faculdade de Medicina da Universidade do Porto"},"image":{"@id":"https:\/\/aefmup.pt\/#\/schema\/logo\/image\/"},"sameAs":["https:\/\/www.facebook.com\/aefmup\/","https:\/\/www.instagram.com\/aefmup","https:\/\/www.linkedin.com\/company\/aefmup\/"]}]}},"_links":{"self":[{"href":"https:\/\/aefmup.pt\/index.php?rest_route=\/wp\/v2\/pages\/68","targetHints":{"allow":["GET"]}}],"collection":[{"href":"https:\/\/aefmup.pt\/index.php?rest_route=\/wp\/v2\/pages"}],"about":[{"href":"https:\/\/aefmup.pt\/index.php?rest_route=\/wp\/v2\/types\/page"}],"author":[{"embeddable":true,"href":"https:\/\/aefmup.pt\/index.php?rest_route=\/wp\/v2\/users\/1"}],"replies":[{"embeddable":true,"href":"https:\/\/aefmup.pt\/index.php?rest_route=%2Fwp%2Fv2%2Fcomments&post=68"}],"version-history":[{"count":7,"href":"https:\/\/aefmup.pt\/index.php?rest_route=\/wp\/v2\/pages\/68\/revisions"}],"predecessor-version":[{"id":741,"href":"https:\/\/aefmup.pt\/index.php?rest_route=\/wp\/v2\/pages\/68\/revisions\/741"}],"wp:attachment":[{"href":"https:\/\/aefmup.pt\/index.php?rest_route=%2Fwp%2Fv2%2Fmedia&parent=68"}],"curies":[{"name":"wp","href":"https:\/\/api.w.org\/{rel}","templated":true}]}}